hen 2220551 is divided by 18053.
32
What is the remainder when 564318 is divided by 695?
673
Calculate the remainder when 117763148 is divided by 10.
8
Calculate the remainder when 2914025 is divided by 1862.
1857
What is the remainder when 332940 is divided by 166468?
4
What is the remainder when 791416139 is divided by 318?
317
What is the remainder when 7533268 is divided by 2511088?
4
Calculate the remainder when 26058477 is divided by 560.
557
Calculate the remainder when 9538004 is divided by 552.
548
Calculate the remainder when 8501424 is divided by 179.
177
Calculate the remainder when 310522 is divided by 77520.
442
What is the remainder when 95636 is divided by 19090?
186
What is the remainder when 12940 is divided by 5686?
1568
Calculate the remainder when 643493 is divided by 2861.
2629
What is the remainder when 176182 is divided by 44?
6
Calculate the remainder when 2335709 is divided by 78.
77
Calculate the remainder when 269406999 is divided by 3115.
3109
What is the remainder when 500399 is divided by 38468?
315
Calculate the remainder when 2169560 is divided by 2866.
2864
What is the remainder when 1313558911 is divided by 94?
91
What is the remainder when 1040749 is divided by 520329?
91
Calculate the remainder when 41002328 is divided by 7356.
7340
What is the remainder when 66295837 is divided by 2080?
2077
Calculate the remainder when 21437 is divided by 3674.
3067
What is the remainder when 906843378 is divided by 940?
938
What is the remainder when 124764 is divided by 15579?
132
Calculate the remainder when 357467681 is divided by 574.
571
Calculate the remainder when 1971347 is divided by 90.
77
What is the remainder when 1961486 is divided by 488722?
6598
What is the remainder when 107430 is divided by 35208?
1806
What is the remainder when 284606 is divided by 23703?
170
What is the remainder when 8170634 is divided by 2877?
2831
What is the remainder when 8282367 is divided by 1041?
171
Calculate the remainder when 4398070 is divided by 1465980.
130
What is the remainder when 37402 is divided by 5275?
477
What is the remainder when 217473 is divided by 11445?
18
What is the remainder when 13666275 is divided by 8410?
25
What is the remainder when 43439136 is divided by 49?
48
What is the remainder when 15632 is divided by 1539?
242
Calculate the remainder when 101437 is divided by 7765.
492
What is the remainder when 38056966 is divided by 23009?
80
What is the remainder when 7507799 is divided by 13?
0
What is the remainder when 17947 is divided by 2177?
531
Calculate the remainder when 961772 is divided by 7633.
14
What is the remainder when 3976604 is divided by 68?
32
Calculate the remainder when 1427415 is divided by 28547.
65
What is the remainder when 1595734 is divided by 531905?
19
What is the remainder when 231178484 is divided by 5779462?
4
Calculate the remainder when 133381180 is divided by 105.
100
What is the remainder when 557692 is divided by 278196?
1300
Calculate the remainder when 36461200 is divided by 82.
64
What is the remainder when 5382934 is divided by 2148?
46
What is the remainder when 60021 is divided by 1769?
1644
Calculate the remainder when 3948605 is divided by 799.
746
Calculate the remainder when 68785 is divided by 11406.
349
Calculate the remainder when 79226 is divided by 4663.
4618
Calculate the remainder when 42248072 is divided by 4694222.
74
Calculate the remainder when 3729030 is divided by 932205.
210
Calculate the remainder when 1824745 is divided by 10026.
13
Calculate the remainder when 14204 is divided by 255.
179
What is the remainder when 5182531 is divided by 18509?
11
Calculate the remainder when 82240 is divided by 285.
160
What is the remainder when 1359259 is divided by 90617?
4
What is the remainder when 830480 is divided by 1829?
114
Calculate the remainder when 427550 is divided by 1354.
1040
What is the remainder when 3022296 is divided by 703?
99
Calculate the remainder when 196377158 is divided by 51883.
3
What is the remainder when 7317279 is divided by 52?
47
Calculate the remainder when 515622 is divided by 113.
3
What is the remainder when 13874695 is divided by 113727?
1
What is the remainder when 1672409 is divided by 334479?
14
What is the remainder when 183661 is divided by 40?
21
What is the remainder when 162514 is divided by 81044?
426
What is the remainder when 236516435 is divided by 7629562?
13
Calculate the remainder when 113770895 is divided by 341.
337
Calculate the remainder when 631444 is divided by 157853.
32
What is the remainder when 486437 is divided by 81072?
5
Calculate the remainder when 942181 is divided by 437.
9
What is the remainder when 2970567 is divided by 34?
21
What is the remainder when 78505 is divided by 317?
206
Calculate the remainder when 429709 is divided by 214567.
575
Calculate the remainder when 3676019 is divided by 933.
932
Calculate the remainder when 1893118 is divided by 573.
499
What is the remainder when 42385 is divided by 20270?
1845
What is the remainder when 134053483 is divided by 58?
55
Calculate the remainder when 24019395 is divided by 13.
10
Calculate the remainder when 1239550 is divided by 499.
34
Calculate the remainder when 7833126 is divided by 182.
28
Calculate the remainder when 329807 is divided by 197.
29
Calculate the remainder when 1556149052 is divided by 12.
8
What is the remainder when 56584492 is divided by 5658447?
22
Calculate the remainder when 106718 is divided by 35152.
1262
What is the remainder when 10079284 is divided by 23?
17
What is the remainder when 726250 is divided by 242079?
13
Calculate the remainder when 5035176 is divided by 660.
36
What is the remainder when 110550 is divided by 6102?
714
Calculate the remainder when 2228443 is divided by 222841.
33
What is the remainder when 5391859 is divided by 3161?
2354
Calculate the remainder when 704370699 is divided by 889.
886
What is the remainder when 1119257 is divided by 373082?
11
What is the remainder when 3426338 is divided by 230?
28
Calculate the remainder when 6525222 is divided by 1087536.
6
What is the remainder when 38824 is divided by 7107?
3289
What is the remainder when 12045004 is divided by 2539?
2527
Calculate the remainder when 111819421 is divided by 62.
3
Calculate the remainder when 51692298 is divided by 2788.
2778
What is the remainder when 55804082 is divided by 19?
18
What is the remainder when 1022314 is divided by 2871?
238
Calculate the remainder when 88576461 is divided by 25.
11
What is the remainder when 6034739 is divided by 3861?
3857
What is the remainder when 22722183 is divided by 1054?
51
What is the remainder when 96204 is divided by 5342?
48
What is the remainder when 8827726 is divided by 20?
6
What is the remainder when 107267905 is divided by 4729?
4727
Calculate the remainder when 65715 is divided by 1045.
925
Calculate the remainder when 116955582 is divided by 49.
30
Calculate the remainder when 47868801 is divided by 129.
126
Calculate the remainder when 6491768 is divided by 4.
0
What is the remainder when 2797072 is divided by 174793?
384
What is the remainder when 9268614 is divided by 85?
44
Calculate the remainder when 42599346 is divided by 203.
202
What is the remainder when 137455 is divided by 1556?
527
Calculate the remainder when 67195 is divided by 8.
3
What is the remainder when 39534 is divided by 1125?
159
Calculate the remainder when 1841655 is divided by 10.
5
What is the remainder when 961359 is divided by 629?
247
What is the remainder when 5964472 is divided by 196?
192
What is the remainder when 143923 is divided by 4233?
1
Calculate the remainder when 3957160 is divided by 1960.
1880
What is the remainder when 823453 is divided by 34?
7
What is the remainder when 20026377 is divided by 181?
175
Calculate the remainder when 43362685 is divided by 149.
109
Calculate the remainder when 78818 is divided by 3621.
2777
Calculate the remainder when 28492 is divided by 449.
205
Calculate the remainder when 141169192 is divided by 31.
28
Calculate the remainder when 21211114 is divided by 1468.
1450
Calculate the remainder when 143684 is divided by 26650.
10434
Calculate the remainder when 4471208 is divided by 4471195.
13
Calculate the remainder when 3